 the remainder when 364 is divided by 40?
4
Calculate the remainder when 301 is divided by 94.
19
What is the remainder when 357 is divided by 170?
17
Calculate the remainder when 605 is divided by 56.
45
Calculate the remainder when 599 is divided by 4.
3
Calculate the remainder when 1166 is divided by 26.
22
What is the remainder when 1518 is divided by 13?
10
What is the remainder when 37041 is divided by 21?
18
What is the remainder when 271 is divided by 34?
33
Calculate the remainder when 151 is divided by 12.
7
Calculate the remainder when 79 is divided by 21.
16
What is the remainder when 315 is divided by 61?
10
What is the remainder when 49 is divided by 34?
15
Calculate the remainder when 277 is divided by 35.
32
Calculate the remainder when 446 is divided by 3.
2
Calculate the remainder when 342 is divided by 57.
0
Calculate the remainder when 797 is divided by 35.
27
Calculate the remainder when 758 is divided by 526.
232
What is the remainder when 189 is divided by 59?
12
What is the remainder when 2650 is divided by 51?
49
Calculate the remainder when 8 is divided by 8.
0
Calculate the remainder when 3702 is divided by 57.
54
What is the remainder when 2222 is divided by 2208?
14
What is the remainder when 81 is divided by 28?
25
What is the remainder when 34 is divided by 11?
1
Calculate the remainder when 34 is divided by 30.
4
Calculate the remainder when 561 is divided by 222.
117
What is the remainder when 420 is divided by 85?
80
Calculate the remainder when 7586 is divided by 69.
65
What is the remainder when 84 is divided by 6?
0
What is the remainder when 3039 is divided by 117?
114
What is the remainder when 813 is divided by 64?
45
Calculate the remainder when 378 is divided by 48.
42
Calculate the remainder when 2856 is divided by 95.
6
What is the remainder when 432 is divided by 134?
30
What is the remainder when 227 is divided by 34?
23
What is the remainder when 798 is divided by 89?
86
What is the remainder when 691 is divided by 181?
148
What is the remainder when 375 is divided by 123?
6
Calculate the remainder when 227 is divided by 57.
56
Calculate the remainder when 1853 is divided by 18.
17
What is the remainder when 92 is divided by 28?
8
Calculate the remainder when 9214 is divided by 144.
142
What is the remainder when 1150 is divided by 556?
38
Calculate the remainder when 200 is divided by 84.
32
What is the remainder when 64 is divided by 20?
4
Calculate the remainder when 65 is divided by 39.
26
What is the remainder when 677 is divided by 98?
89
What is the remainder when 4271 is divided by 171?
167
What is the remainder when 401 is divided by 135?
131
Calculate the remainder when 131 is divided by 36.
23
What is the remainder when 16 is divided by 10?
6
Calculate the remainder when 237 is divided by 12.
9
Calculate the remainder when 3137 is divided by 85.
77
What is the remainder when 1684 is divided by 188?
180
What is the remainder when 374 is divided by 184?
6
Calculate the remainder when 64 is divided by 33.
31
Calculate the remainder when 523 is divided by 40.
3
Calculate the remainder when 508 is divided by 44.
24
What is the remainder when 173 is divided by 61?
51
Calculate the remainder when 283 is divided by 10.
3
What is the remainder when 1142 is divided by 22?
20
Calculate the remainder when 473 is divided by 34.
31
What is the remainder when 2010 is divided by 65?
60
Calculate the remainder when 551 is divided by 16.
7
Calculate the remainder when 12835 is divided by 49.
46
What is the remainder when 74 is divided by 18?
2
Calculate the remainder when 195 is divided by 28.
27
What is the remainder when 174 is divided by 45?
39
Calculate the remainder when 1464 is divided by 729.
6
Calculate the remainder when 2283 is divided by 24.
3
What is the remainder when 91 is divided by 34?
23
Calculate the remainder when 80 is divided by 17.
12
What is the remainder when 122 is divided by 48?
26
Calculate the remainder when 611 is divided by 69.
59
What is the remainder when 7944 is divided by 378?
6
What is the remainder when 1148 is divided by 132?
92
What is the remainder when 281 is divided by 80?
41
What is the remainder when 49 is divided by 16?
1
Calculate the remainder when 281 is divided by 104.
73
What is the remainder when 88 is divided by 36?
16
Calculate the remainder when 329 is divided by 108.
5
Calculate the remainder when 1147 is divided by 566.
15
What is the remainder when 1588 is divided by 494?
106
Calculate the remainder when 60 is divided by 15.
0
Calculate the remainder when 1638 is divided by 183.
174
Calculate the remainder when 3075 is divided by 55.
50
What is the remainder when 1996 is divided by 80?
76
Calculate the remainder when 88 is divided by 34.
20
Calculate the remainder when 1034 is divided by 45.
44
Calculate the remainder when 97 is divided by 89.
8
Calculate the remainder when 4710 is divided by 23.
18
Calculate the remainder when 792 is divided by 23.
10
Calculate the remainder when 68 is divided by 55.
13
Calculate the remainder when 508 is divided by 170.
168
Calculate the remainder when 2442 is divided by 13.
11
Calculate the remainder when 72 is divided by 32.
8
What is the remainder when 1243 is divided by 102?
19
Calculate the remainder when 283 is divided by 24.
19
Calculate the remainder when 108 is divided by 22.
20
What is the remainder when 414 is divided by 112?
78
Calculate the remainder when 28 is divided by 10.
8
What is the remainder when 74 is divided by 5?
4
What is the remainder when 13160 is divided by 15?
5
Calculate the remainder when 153 is divided by 40.
33
What is the remainder when 1022 is divided by 5?
2
What is the remainder when 799 is divided by 138?
109
Calculate the remainder when 3072 is divided by 506.
36
Calculate the remainder when 107 is divided by 27.
26
What is the remainder when 2278 is divided by 19?
17
Calculate the remainder when 215 is divided by 35.
5
Calculate the remainder when 281 is divided by 12.
5
What is the remainder when 605 is divided by 19?
16
Calculate the remainder when 697 is divided by 28.
25
What is the remainder when 2134 is divided by 7?
6
Calculate the remainder when 1090 is divided by 541.
8
What is the remainder when 286 is divided by 58?
54
What is the remainder when 126 is divided by 58?
10
What is the remainder when 7630 is divided by 48?
46
What is the remainder when 35 is divided by 8?
3
What is the remainder when 1024 is divided by 13?
10
What is the remainder when 135 is divided by 6?
3
What is the remainder when 64 is divided by 20?
4
What is the remainder when 20 is divided by 16?
4
Calculate the remainder when 403 is divided by 58.
55
Calculate the remainder when 8092 is divided by 176.
172
Calculate the remainder when 238 is divided by 219.
19
Calculate the remainder when 49 is divided by 10.
9
What is the remainder when 1802 is divided by 5?
2
What is the remainder when 1057 is divided by 18?
13
Calculate the remainder when 140 is divided by 25.
15
Calculate the remainder when 1559 is divided by 11.
8
Calculate the remainder when 1582 is divided by 1567.
15
What is the remainder when 1665 is divided by 12?
9
Calculate the remainder when 132 is divided by 9.
6
Calculate the remainder when 64 is divided by 11.
9
What is the remainder when 787 is divided by 158?
155
What is the remainder when 2331 is divided by 466?
1
What is the remainder when 53 is divided by 6?
5
Calculate the remainder when 13684 is divided by 17.
16
Calculate the remainder when 285 is divided by 22.
21
Calculate the remainder when 207 is divided by 11.
9
Calculate the remainder when 439 is divided by 111.
106
Calculate the remainder when 139 is divided by 32.
11
What is the remainder when 700 is divided by 30?
10
Calculate the remainder when 722 is divided by 181.
179
Calculate the remainder when 254 is divided by 16.
14
Calculate the remainder when 37 is divided by 22.
15
What is the remainder when 200 is divided by 54?
38
Calculate the remainder when 9115 is divided by 160.
155
Calculate the remainder when 202 is divided by 12.
10
What is the remainder when 69 is divided by 24?
21
What is the remainder when 92 is divided by 11?
4
What is the remainder when 418 is divided by 10?
8
What is the remaind